{"id":328,"date":"2017-11-15T18:27:18","date_gmt":"2017-11-15T17:27:18","guid":{"rendered":"http:\/\/www.anipa.cz\/?page_id=328"},"modified":"2017-11-15T18:34:01","modified_gmt":"2017-11-15T17:34:01","slug":"kdy-me-sezenete","status":"publish","type":"page","link":"https:\/\/www.anipa.cz\/?page_id=328","title":{"rendered":"Kdy m\u011b se\u017eenete ?"},"content":{"rendered":"<p>N\u00ed\u017ee naleznete n\u00e1hled m\u00e9ho kalend\u00e1\u0159e, kter\u00fd n\u00e1m u\u0161et\u0159\u00ed plno zbyte\u010dn\u00fdch telefon\u00e1t\u016f a email\u016f. Zvolte spr\u00e1vn\u00fd term\u00edn a po\u0161lete m\u011b pozv\u00e1nku na sch\u016fzku \u010di Hangout. L\u00edb\u00ed s v\u00e1m tato forma organizace sch\u016fzky &#8211; nav\u0161tivte m\u016fj z\u00e1kladn\u00ed kurz &#8211; <a href=\"http:\/\/www.anipa.cz\/?page_id=222\" target=\"_blank\" rel=\"noopener noreferrer\">Z\u00e1klady cloudov\u00fdch \u0159e\u0161en\u00ed ve firm\u00e1ch.<\/a>&nbsp;<\/p>\n<p><iframe style=\"border-width: 0;\" src=\"https:\/\/calendar.google.com\/calendar\/embed?height=600&amp;wkst=1&amp;bgcolor=%23FFFFFF&amp;src=anipa.cz_bav2fntf9smdm3qn47hshcutus%40group.calendar.google.com&amp;color=%2329527A&amp;ctz=Europe%2FPrague\" width=\"800\" height=\"600\" frameborder=\"0\" scrolling=\"no\"><\/iframe><\/p>\n<p>&nbsp;<\/p>\n<p><strong>Napi\u0161te n\u00e1m<\/strong><\/p>\n<div role=\"form\" class=\"wpcf7\" id=\"wpcf7-f102-o1\" lang=\"cs-CZ\" dir=\"ltr\">\n<div class=\"screen-reader-response\"><p role=\"status\" aria-live=\"polite\" aria-atomic=\"true\"><\/p> <ul><\/ul><\/div>\n<form action=\"\/index.php?rest_route=%2Fwp%2Fv2%2Fpages%2F328#wpcf7-f102-o1\" method=\"post\" class=\"wpcf7-form init\" novalidate=\"novalidate\" data-status=\"init\">\n<div style=\"display: none;\">\n<input type=\"hidden\" name=\"_wpcf7\" value=\"102\" \/>\n<input type=\"hidden\" name=\"_wpcf7_version\" value=\"5.3\" \/>\n<input type=\"hidden\" name=\"_wpcf7_locale\" value=\"cs_CZ\" \/>\n<input type=\"hidden\" name=\"_wpcf7_unit_tag\" value=\"wpcf7-f102-o1\" \/>\n<input type=\"hidden\" name=\"_wpcf7_container_post\" value=\"0\" \/>\n<input type=\"hidden\" name=\"_wpcf7_posted_data_hash\" value=\"\" \/>\n<\/div>\n<p>Va\u0161e jm\u00e9no (vy\u017eadov\u00e1no)<br \/>\n    <span class=\"wpcf7-form-control-wrap your-name\"><input type=\"text\" name=\"your-name\" value=\"\" size=\"40\" class=\"wpcf7-form-control wpcf7-text wpcf7-validates-as-required\" aria-required=\"true\" aria-invalid=\"false\" \/><\/span> <\/p>\n<p>V\u00e1\u0161 email (vy\u017eadov\u00e1no)<br \/>\n    <span class=\"wpcf7-form-control-wrap your-email\"><input type=\"email\" name=\"your-email\" value=\"\" size=\"40\" class=\"wpcf7-form-control wpcf7-text wpcf7-email wpcf7-validates-as-required wpcf7-validates-as-email\" aria-required=\"true\" aria-invalid=\"false\" \/><\/span> <\/p>\n<p>P\u0159edm\u011bt<br \/>\n    <span class=\"wpcf7-form-control-wrap your-subject\"><input type=\"text\" name=\"your-subject\" value=\"\" size=\"40\" class=\"wpcf7-form-control wpcf7-text\" aria-invalid=\"false\" \/><\/span> <\/p>\n<p>Va\u0161e zpr\u00e1va<br \/>\n    <span class=\"wpcf7-form-control-wrap your-message\"><textarea name=\"your-message\" cols=\"40\" rows=\"10\" class=\"wpcf7-form-control wpcf7-textarea\" aria-invalid=\"false\"><\/textarea><\/span> <\/p>\n<p><input type=\"submit\" value=\"Odeslat\" class=\"wpcf7-form-control wpcf7-submit\" \/><\/p>\n<div class=\"wpcf7-response-output\" aria-hidden=\"true\"><\/div><\/form><\/div>\n","protected":false},"excerpt":{"rendered":"<p>N\u00ed\u017ee naleznete n\u00e1hled m\u00e9ho kalend\u00e1\u0159e, kter\u00fd n\u00e1m u\u0161et\u0159\u00ed plno zbyte\u010dn\u00fdch telefon\u00e1t\u016f a email\u016f. Zvolte spr\u00e1vn\u00fd term\u00edn a po\u0161lete m\u011b pozv\u00e1nku na sch\u016fzku \u010di Hangout. L\u00edb\u00ed s v\u00e1m tato forma organizace sch\u016fzky &#8211; nav\u0161tivte m\u016fj z\u00e1kladn\u00ed kurz &#8211; Z\u00e1klady cloudov\u00fdch \u0159e\u0161en\u00ed&#8230; <\/p>\n","protected":false},"author":1,"featured_media":0,"parent":21,"menu_order":1,"comment_status":"closed","ping_status":"closed","template":"","meta":[],"_links":{"self":[{"href":"https:\/\/www.anipa.cz\/index.php?rest_route=\/wp\/v2\/pages\/328"}],"collection":[{"href":"https:\/\/www.anipa.cz\/index.php?rest_route=\/wp\/v2\/pages"}],"about":[{"href":"https:\/\/www.anipa.cz\/index.php?rest_route=\/wp\/v2\/types\/page"}],"author":[{"embeddable":true,"href":"https:\/\/www.anipa.cz\/index.php?rest_route=\/wp\/v2\/users\/1"}],"replies":[{"embeddable":true,"href":"https:\/\/www.anipa.cz\/index.php?rest_route=%2Fwp%2Fv2%2Fcomments&post=328"}],"version-history":[{"count":4,"href":"https:\/\/www.anipa.cz\/index.php?rest_route=\/wp\/v2\/pages\/328\/revisions"}],"predecessor-version":[{"id":332,"href":"https:\/\/www.anipa.cz\/index.php?rest_route=\/wp\/v2\/pages\/328\/revisions\/332"}],"up":[{"embeddable":true,"href":"https:\/\/www.anipa.cz\/index.php?rest_route=\/wp\/v2\/pages\/21"}],"wp:attachment":[{"href":"https:\/\/www.anipa.cz\/index.php?rest_route=%2Fwp%2Fv2%2Fmedia&parent=328"}],"curies":[{"name":"wp","href":"https:\/\/api.w.org\/{rel}","templated":true}]}}