{"id":217,"date":"2017-05-24T13:31:35","date_gmt":"2017-05-24T11:31:35","guid":{"rendered":"http:\/\/www.anipa.cz\/?page_id=217"},"modified":"2017-07-10T13:30:34","modified_gmt":"2017-07-10T11:30:34","slug":"cenik","status":"publish","type":"page","link":"https:\/\/www.anipa.cz\/?page_id=217","title":{"rendered":"Cen\u00edk"},"content":{"rendered":"<h3>Slu\u017eby zdarma<\/h3>\n<p>Klient\u016fm nab\u00edz\u00edm hodinovou prezentaci Office 365 a G Suite a \u00favodn\u00ed konzultaci ohledn\u011b implementace <strong>zdarma<\/strong>.<\/p>\n<h3>Implementace Office 365 a G Suite (Google Apps):<\/h3>\n<p>Pomohu v\u00e1m\u00a0 s nasazen\u00edm Office 365 a G Siute. Implementaci p\u0159edch\u00e1z\u00ed anal\u00fdza sou\u010dasn\u00e9ho stavu a po\u017eadavk\u016f klienta, na jej\u00ed\u017e z\u00e1klad\u011b v\u00e1m p\u0159edlo\u017e\u00edm cenovou a \u010dasovou kalkulaci. <strong>A\u017e pot\u00e9 se rozhodnete, jestli vyu\u017eijete m\u00fdch slu\u017eeb.<\/strong><\/p>\n<h3>Smluvn\u00ed podm\u00ednky:<\/h3>\n<ul>\n<li>P\u0159ed vlastn\u00edm poradenstv\u00edm v\u00e1s budu informovat o p\u0159ibli\u017en\u00e9 \u010dasov\u00e9 n\u00e1ro\u010dnosti.<\/li>\n<li>Minim\u00e1ln\u00ed rozsah poradenstv\u00ed je jedna hodina, kter\u00e1 je \u010derp\u00e1na postupn\u011b.<\/li>\n<li>V\u00fdjezd ke klientovi v \u010cesku \u2013 1.750 K\u010d \/ den.<\/li>\n<li>Ceny jsou uvedeny bez DPH. Jsem pl\u00e1tce DPH.<\/li>\n<li>Zm\u011bna cen\u00edku vyhrazena.<\/li>\n<\/ul>\n","protected":false},"excerpt":{"rendered":"<p>Slu\u017eby zdarma Klient\u016fm nab\u00edz\u00edm hodinovou prezentaci Office 365 a G Suite a \u00favodn\u00ed konzultaci ohledn\u011b implementace zdarma. Implementace Office 365 a G Suite (Google Apps): Pomohu v\u00e1m\u00a0 s nasazen\u00edm Office 365 a G Siute. Implementaci p\u0159edch\u00e1z\u00ed anal\u00fdza sou\u010dasn\u00e9ho stavu a&#8230; <\/p>\n","protected":false},"author":1,"featured_media":0,"parent":21,"menu_order":2,"comment_status":"closed","ping_status":"closed","template":"","meta":[],"_links":{"self":[{"href":"https:\/\/www.anipa.cz\/index.php?rest_route=\/wp\/v2\/pages\/217"}],"collection":[{"href":"https:\/\/www.anipa.cz\/index.php?rest_route=\/wp\/v2\/pages"}],"about":[{"href":"https:\/\/www.anipa.cz\/index.php?rest_route=\/wp\/v2\/types\/page"}],"author":[{"embeddable":true,"href":"https:\/\/www.anipa.cz\/index.php?rest_route=\/wp\/v2\/users\/1"}],"replies":[{"embeddable":true,"href":"https:\/\/www.anipa.cz\/index.php?rest_route=%2Fwp%2Fv2%2Fcomments&post=217"}],"version-history":[{"count":3,"href":"https:\/\/www.anipa.cz\/index.php?rest_route=\/wp\/v2\/pages\/217\/revisions"}],"predecessor-version":[{"id":220,"href":"https:\/\/www.anipa.cz\/index.php?rest_route=\/wp\/v2\/pages\/217\/revisions\/220"}],"up":[{"embeddable":true,"href":"https:\/\/www.anipa.cz\/index.php?rest_route=\/wp\/v2\/pages\/21"}],"wp:attachment":[{"href":"https:\/\/www.anipa.cz\/index.php?rest_route=%2Fwp%2Fv2%2Fmedia&parent=217"}],"curies":[{"name":"wp","href":"https:\/\/api.w.org\/{rel}","templated":true}]}}